*a - 3. Let g(q) be the second derivative of 7*q**4/12 + q**3/2 + 9*q**2/2 - 9*q. Is g(k) a prime number?
True
Suppose 85*m - 19*m - 77117 = -m. Is m prime?
True
Let r = 830 - 588. Suppose -3*k + 2609 = r. Is k composite?
True
Let f = 2547 + -134. Is f - ((-108)/(-48) - (-2)/(-8)) a composite number?
False
Suppose q = 2*c + 194120 + 92399, q - 3*c = 286522. Is q a prime number?
True
Let o = 7521 + -4778. Is o composite?
True
Suppose 4*z + 8 = 6*z. Suppose -z*t - 2*t + 3078 = 0. Is -8 + 9 + 0 + t a composite number?
True
Let a(i) = -26*i + 12. Let b be a(-9). Let t = 154 - 152. Suppose b = t*r - 572. Is r composite?
False
Let b = -80 + 136. Suppose -8 + b = 4*c. Suppose -10*h - 2078 = -c*h. Is h prime?
True
Let k(c) = -164*c**3 - 86*c**2 + 17*c + 58. Is k(-5) a composite number?
True
Let x = 141724 - 29831. Is x composite?
False
Let x(o) = 4*o + 52. Let n be x(8). Suppose -n*m + 12436 = -80*m. Is m prime?
True
Suppose -53*a = -394*a + 8774953. Is a prime?
True
Let a = -110018 + 264841. Is a composite?
False
Suppose 44*g - 6471138 = 6015314. Is g a prime number?
False
Let y = 10920 - 15473. Let k = y + 8994. Is k prime?
True
Suppose -10 + 2 = -2*g. Suppose g*s - 2*k = -150, -2*s - 4*k = -s + 24. Is 3*(1/(-2) - 15126/s) composite?
False
Suppose r - 9*v = -7*v + 1573759, 0 = 4*r + 2*v - 6295106. Is r a composite number?
True
Let h(c) = 2381*c + 1287. Is h(16) a prime number?
True
Let r(d) = d**2 - 13*d - 6. Let p be r(14). Let t = 27 + -221. Is t/6*p/((-16)/66) prime?
False
Suppose -4*m + 411 = 4*w - 5*m, -4*w + 3*m + 417 = 0. Let s = 1504 - w. Is s a prime number?
False
Let p = 2242 + -623. Suppose -4*a = -905 - p. Is a composite?
False
Let w(q) = 17*q**2 + 14*q + 30. Suppose 41*s - 37*s = -12. Is w(s) a prime number?
False
Let x(u) = 78*u**3 + 13*u**2 - 4*u + 40. Is x(7) a prime number?
False
Suppose -138925 = 48*s - 6501373. Is s a prime number?
False
Let f(g) = 836*g. Let y be f(2). Let p = y - -1681. Is p a prime number?
False
Let f = 2 + 41. Let y = f + 786. Is y a composite number?
False
Let f(b) = -14 - 6*b**2 - 11 + 6*b - b**3 + 25*b**2. Suppose 0 = -58*i - 0*i + 638. Is f(i) prime?
True
Let v(s) = s**3 - 5*s**2 + 7*s - 1. Let p be v(3). Suppose -57 = -5*i + b, i + p*b - 14 = 4. Suppose i*q - 9*q = 4707. Is q composite?
True
Let j be -10*((-2)/20)/((-2)/8). Let f be (j/20*0)/(1 + -3). Suppose 4*u - 13*u + 5283 = f. Is u a prime number?
True
Let y(r) = r**3 - 15*r**2 + 20*r - 11. Suppose 3*g - 93 = 36. Let a = g - 26. Is y(a) prime?
True
Suppose 2*l - 544 = 4*u, -5*l = 5*u + 649 - 1964. Suppose -x - 2*x - b = -399, 0 = -2*x + 2*b + l. Is x a composite number?
True
Let j be (72310/175)/(2/15). Let t = 6476 - j. Is t a composite number?
True
Let g = 76 - 49. Let v(u) = -14 - 73*u + g*u - 74*u - 45*u. Is v(-5) a composite number?
False
Let r be (1 + (-18)/(-6))/((-1)/(-6784)). Suppose 0 = 51*n - r - 2801. Is n composite?
False
Let j = -2966 - -27031. Is j prime?
False
Suppose 49*l - 78008352 = -28*l - 19*l. Is l prime?
True
Let w(k) = k**3 - 12*k**2 + 7*k - 5. Let y be w(11). Let p = 54 + y. Suppose -2*o - 5*q = -78, p*o - 195 = 3*q + q. Is o a composite number?
True
Let q(u) = 5*u - 9. Let a be q(-2). Let g(t) = 6*t**3 - 22*t + 7*t**2 + 12 - 7*t**3 - 27*t**2. Is g(a) composite?
True
Is (-17 + 260/15)*396237 prime?
False
Suppose -4*f = -5*w + 17, 38*f - 34*f = 4*w - 12. Suppose 0 = 3*d + 3, -3*d = w*l - 7*d - 2939. Is l composite?
False
Suppose -2*m = -695 + 687. Is 382481/77 + m/(-14) a prime number?
True
Let j(b) = -10267*b - 23 + 10238*b + 232. Is j(-12) a prime number?
True
Let q(b) = -b**3 + 18*b**2 + 19*b + 7. Let y be q(19). Let s be (y - 155/15) + 4/(-6). Is 1/(1/s + (-221)/(-868)) prime?
False
Suppose 50*y - 40*y = 40. Suppose j + 2*j - i = 5402, 0 = -4*i + y. Is j a composite number?
False
Let o(u) be the third derivative of 3*u**4/4 + 7*u**3/6 - 5*u**2. Suppose -2*f + 0*f = q - 20, -f - 4 = 4*q. Is o(f) composite?
False
Suppose -23 - 5 = 2*w - 3*p, -2*w = -p + 36. Is (-8)/w*32231 - 21/(-35) composite?
False
Is (757496/(-4))/(-16 - (-19 + 5)) a prime number?
True
Let v be (7 - 3) + 4/(-1)*1. Suppose v = 5*k - 2*q - 23921, -6*q + 5*q - 19135 = -4*k. Is k prime?
True
Let z(w) = w**3 - 7*w**2 - 12*w - 13. Let i = 64 + -54. Is z(i) prime?
True
Let u = 12 - -6. Suppose -14*a = -8*a - u. Is -2 - 2 - -6252 - 0 - a a composite number?
True
Suppose -4*j = 3*h - 878342, -2*h = -3*j + 305128 + 353637. Is j a prime number?
True
Is (1219/(-46) + 23)*(-2525716)/14 prime?
True
Suppose -5*w = -5*n - 5549895, -2*n = -2*w + 9*w - 7769925. Is w composite?
False
Suppose -5*u = -0*u - 50. Suppose 158818 + 51232 = u*r. Is r prime?
False
Let a(j) = -j**2 - 7*j + 8. Let l be a(-6). Suppose -4*k - 20 = -l*k. Suppose 0*o + o - 671 = 2*c, 1339 = k*o - 5*c. Is o a prime number?
True
Let c(b) = -119*b**3 + 7*b**2 + 182*b - 33. Is c(-12) composite?
True
Suppose 4*z = 108 - 8. Suppose -z*m + 23*m = -9774. Suppose -3*g + m = 354. Is g composite?
False
Let s(u) = 10409*u**3 - 134*u**2 + 11*u + 17. Is s(6) a composite number?
True
Let g = -531 + 535. Suppose 8*l - 6*l + 89505 = 5*o, -g*o = 5*l - 71637. Is o composite?
False
Let p(g) be the third derivative of -g**6/120 + 11*g**5/60 - 5*g**4/24 - 4*g**3/3 - 44*g**2. Is p(6) a composite number?
True
Suppose -n - 5*r + 621017 + 253309 = 0, r - 1748697 = -2*n. Is n composite?
False
Suppose -10*b + 16*b - 234 = 0. Suppose -5*d - b = k - 432, -4*k + 5*d = -1572. Suppose -5*h + 892 + k = 0. Is h prime?
True
Let s(a) = 5298*a**2 - 103*a - 393. Is s(-4) a prime number?
True
Let q = -176087 - -323776. Is q a prime number?
True
Suppose -486*h = -509*h + 497283. Is h a composite number?
True
Let p be (-1 - 8/3)/(6/(-18)). Suppose 2*b = p*b - 18351. Is b a prime number?
True
Let f = -78 - -51. Let l = f + 31. Suppose 1341 = -2*d + 5*d + l*p, d - 5*p = 447. Is d a composite number?
True
Let j = 1255236 - 879577. Is j prime?
False
Let n = 209 + -245. Is (-73506)/8*48/n prime?
True
Let s(n) = 5*n**3 - 2*n**2 - 23*n + 7. Suppose 0 = -23*k + 18*k + 25. Is s(k) a composite number?
False
Let x = -100 + 99. Let q be 1*44/8*(x + 3). Let f = q - -1388. Is f composite?
False
Is 12/(-15) + (-15330226)/(-170) a composite number?
True
Is 10/(-40) + (-768464)/(-64) composite?
False
Suppose 0 = -3*z + y - 34, -29*z = -26*z - 3*y + 42. Is (-21)/(-7 - z) - -636 a prime number?
False
Let o be (5 - -48)/((-1)/(-6)). Suppose 52*k - 7*k - 135 = 0. Suppose -o = -g - k*p, -12*p + 899 = 3*g - 14*p. Is g prime?
False
Let o(s) = 56*s**2 - 12*s - 39. Let f be o(12). Let h = f + -4288. Is h composite?
False
Let u(y) = -11339*y + 15. Let n be u(2). Let z = n + 33698. Is z a composite number?
True
Suppose -9*l + 14*l - 295435 = 0. Suppose 57*c = 64*c - l. Is c prime?
False
Suppose -160*z = -143*z - 821287. Is z a composite number?
False
Suppose 14*q - 17781 = 62537. Is q prime?
True
Let l(k) = -785*k - 17. Let h be l(-6). Suppose -h = -3*f + x, 3*f + f + 4*x - 6236 = 0. Is f a prime number?
False
Let i(u) = 6276*u**2 - 118*u + 459. Is i(4) a composite number?
False
Suppose -2*i + 625466 = -5*f, 5*i + f - 2*f = 1563665. Is i composite?
True
Suppose 3*b - 29039 = -x, -4*x - 12427 + 2743 = -b. Suppose -19344 = -32*h + b. Is h a composite number?
False
Is (-5)/(-2)*82004/130 prime?
False
Let i(s) = -1034*s**3 + 4*s + 3. Let q = 239 + -241. Is i(q) prime?
False
Let d be ((-1)/5)/1 - 442/(-85). Suppose -h + d*h + 2907 = u, 5*u - 14627 = -3*h. Is u a prime number?
False
Let g(x) = -39*x - 58. Let h(v) = -13 + 28 - 3*v - 18 - 19*v**3 + 6*v. Let t be h(1). Is g(t) a composite number?
False
Suppose -1824000 = -22*x + 1256198. Is x a composite number?
False
Let c be 70/(-105)*(1 - (-34)/(-4)). Is ((22105/1)/c)/1 a prime number?
True
Is 2/(-14) - -3496998*(-15 + (-1272)/(-84)) a composite number?
False
Let l be (2 + 20/(-15))/((-2)/123). Let v = 45 + l. Suppose -1854 + 362 = -v*i. Is i composite?
False
Suppose 0 = 4*y + 2*r - 38888, 24359 = 5*y - r - 24244. Suppose 2*n - z = y, 0 = -2*n - 0*n + 5*z + 9717. Is n composite?
False
Suppose -5*l + 573010 = 5*o, -5*o + l + 461051 + 111977 = 0. Is o a composite number?
True
Let t be (15/2 + -7)*-970. Is (t*93)/(-5) - -8 a composite number?
False
Is (70/5 - -130607) + 10 a prime number?
True
Suppose 14*n - 5130 = -5*n. Is (